 ((-858)/(-312))/((-1)/4) + 81. Suppose -3*f + 125 = d, -3*d + 2*f + 321 = 1. What is the greatest common divisor of n and d?
10
Suppose 4*i - 9 = 7. Suppose 3*q = 9, -i*q - 150 = -3*g + q. Let n be ((-162)/15)/(-1) - (-3)/15. Calculate the highest common factor of n and g.
11
Let i(k) = 4*k + 8. Let t be i(-2). Let q be t/((-2 - 1)/(-3)). Suppose 5*b - 102 = -x, q = 5*b - b - 2*x - 76. What is the highest common divisor of b and 30?
10
Let t be 287/35 + 6/(-30). Suppose 25*r - 56 = 23*r. Calculate the highest common factor of t and r.
4
Let g = -32 + 54. Let q = 509 + -507. What is the highest common divisor of g and q?
2
Let y = 19455 - 19431. What is the greatest common divisor of 8232 and y?
24
Suppose 0*c + 1 = c. Let y = 3 - c. Suppose b = 12 + y. What is the highest common divisor of 21 and b?
7
Suppose 4*a - 101*a + 118358 = 69*a. What is the highest common divisor of a and 775?
31
Let y(g) = g**3 + 17*g**2 + g + 41. Let x be y(-17). Let b = -38 + 134. Calculate the highest common divisor of b and x.
24
Let r be (-8 + 12)/(16/(-12)) + 24. Suppose -6*b + 25*b - 133 = 0. What is the highest common divisor of b and r?
7
Let j(l) = l**2 - 7*l + 15. Let h be j(7). Let i be (-3 + 0)*(-6931)/87. Let s = i - 234. What is the greatest common divisor of h and s?
5
Suppose 5*x = 3*n + 1219, 5*x + n - 1058 = 149. What is the greatest common divisor of x and 374?
22
Let y(v) = 19*v**2 - 2*v + 3. Let f be y(3). Let k be 1/5 + 82/(-10) + 8. Suppose 23*l - 35*l + 288 = k. What is the highest common factor of l and f?
24
Let d = -415 - -595. Let t be 4/(-2) + (118 - -68). Suppose 0 = -16*u + t + 136. Calculate the highest common factor of d and u.
20
Suppose -2*y = c + c - 14, -5*y + 3 = -3*c. Suppose -3*g = c*j - 82, -2*j - 74 = -3*g + 2*j. Calculate the highest common divisor of 91 and g.
13
Let q be 83 + 2/4*2. Let a = -79 + q. Suppose a*l = 13 + 257. Calculate the greatest common divisor of l and 36.
18
Let f(n) = n**3 - 4*n**2 + n + 2. Let k be f(6). Let y = k + -20. What is the greatest common factor of y and 84?
12
Suppose 0 = -t - 3*t - 3*p + 337, -3*t + 3*p + 237 = 0. Let h be t/123 + 1 + (-1412)/(-6). Let o = h + -117. What is the greatest common divisor of o and 48?
24
Let v = 108 - 351. Let u = v + 351. What is the greatest common factor of 54 and u?
54
Suppose 69 = 4*k + i, 0 = 5*k - 4*i - 40 - 41. Suppose -4*x + k*x = 728. What is the highest common factor of x and 24?
8
Let o(i) = 15*i - 14. Let x be o(2). Suppose 0 = 2*z - x - 2. Let t be 0 + -3 + 1 - (-216)/z. Calculate the greatest common divisor of 11 and t.
11
Let h = 20 + 29. Suppose -h = -k - 1. Suppose 0 = -10*u + 3179 + 661. What is the greatest common factor of k and u?
48
Suppose -142*j - 1269 = -283*j. What is the greatest common factor of 16893 and j?
9
Let v(c) = -c**3 + 9*c**2 + 2*c - 6. Let i be v(8). Let t = 212 + -182. Let y be (-4)/t - 47209/(-255). What is the greatest common divisor of i and y?
37
Let d(k) = 2*k**3 - 16*k**2 + 234*k - 1832. Let b be d(8). Let f(q) = -18*q - 4. Let j be f(-3). Calculate the highest common divisor of b and j.
10
Suppose 19 = -i + 47. Suppose -i*x - 208 = -7208. Calculate the greatest common divisor of x and 10.
10
Suppose 52*o - 249 = 687. Calculate the greatest common divisor of o and 45054.
18
Let t be (2 + -14)*(-59 - 9). Calculate the greatest common factor of 48 and t.
48
Let f be ((-2)/12)/((-506)/69828). Suppose -3*l + 4*t = 2*l - 928, 5*t - 726 = -4*l. Calculate the greatest common factor of f and l.
23
Let l(v) = v**3 - 10*v**2 + 3*v + 52. Let u be l(9). Let p be -1 + 3 + 1/(u/(-44)). What is the highest common factor of p and 600?
24
Suppose 3*u + 46 - 397 = 0. Let a = 165 - u. Suppose h - 288 = -3*h. What is the highest common factor of a and h?
24
Let g be (5 + -7)/(8/(-36)*3). Suppose -5*f - 3*x = x - 31, f = -4*x + g. Calculate the greatest common divisor of 189 and f.
7
Let r(q) = 298*q - 2738. Let o be r(11). What is the greatest common divisor of o and 2484?
108
Let v(p) = 0*p**2 - 20 + 14 + 11*p - p**2. Let x be v(10). Calculate the highest common factor of x and 12.
4
Let t = 23 - -132. Calculate the greatest common divisor of 5735 and t.
155
Let w be 0*(0 - (-2)/(-4)). Suppose w*a = 5*a - 30. Suppose -2*c - 5*s + 19 - 40 = 0, 4*c - 23 = 3*s. Calculate the highest common factor of a and c.
2
Suppose -45*r = -41*r - 504. Let x be (-1 + -5)*9/6. Let y = 27 + x. Calculate the greatest common divisor of y and r.
18
Let n = -1834 - -2029. Calculate the highest common divisor of 405 and n.
15
Suppose 2*n + 5*a - 719 = 0, 11*n - 3*n - 2858 = -2*a. Calculate the highest common factor of n and 408.
51
Suppose 9*n + m = 7*n + 7, 5*n - 25 = 5*m. Suppose 0 = n*j + 85 - 493. What is the greatest common factor of 136 and j?
34
Suppose -l = -5*p - 62, -3*l + p = -4*l + 38. Let k be 37 + -6 + 61 + -43. Calculate the highest common divisor of l and k.
7
Let z(s) = 20*s - 274. Let m be z(15). Suppose -q - 3 = 2*n - 16, 0 = 2*n + 5*q - 33. Suppose -n = 26*v - 28*v. What is the highest common factor of m and v?
2
Let x(s) = 7*s**2 + 49*s - 189. Let l be x(4). Suppose -4*v + v = -63. Calculate the highest common divisor of l and v.
7
Let t(x) = 132*x**2 - 3*x + 408. Let j be t(0). Calculate the highest common divisor of j and 323.
17
Let a be 234/156 - (-79149)/6. What is the highest common factor of a and 167?
167
Let u be 290407/1513 - (-1)/17. Calculate the highest common divisor of 132 and u.
12
Let x(q) = -10*q + 2. Let u be x(-3). Let h = u - 29. Let n be (-6)/4*(-168)/12. Calculate the greatest common factor of n and h.
3
Let l(m) = m**2 - 66*m + 235. Let w be l(66). Calculate the highest common factor of 1739 and w.
47
Suppose 4*d - 2*q + 1 - 31 = 0, -11*d + 4*q = -75. What is the highest common factor of 7615 and d?
5
Let j be ((-48)/(-40))/(58/30305). What is the greatest common divisor of j and 114?
57
Suppose 3*o - 4 = 68. Let l = -3081 + 3126. What is the greatest common divisor of l and o?
3
Let p = 35120 - 33947. Calculate the greatest common factor of p and 2760.
69
Let k(z) = z + 11. Let q be k(-6). Let d(f) = 10*f - 41. Let b be d(q). Calculate the highest common divisor of b and 45.
9
Let m = 250 + -160. Let y(l) = l**2 - 5*l + 4. Let a be y(1). Suppose 8 = 4*j, -q - 3*j = -a*q - 16. Calculate the highest common divisor of m and q.
10
Suppose -2*z - 2*o + 54 = 0, 0 = -2*z + 4*z - 2*o - 38. Suppose 101 = 4*m - 5*l, -3*m + 5*m + 3*l = z. Calculate the greatest common divisor of 133 and m.
19
Let s(o) = -5*o + 51. Let b be s(8). Suppose -b*x + 1015 + 2351 = 0. Calculate the highest common divisor of 54 and x.
18
Let n(d) = 53*d - 523. Let r be n(11). What is the highest common factor of 3820 and r?
20
Let x = 899 + -596. Let c = x - 282. What is the greatest common factor of c and 21?
21
Suppose 0 = -0*y + 4*y - 20. Let r = 169 + -169. Suppose 4*n + 3*x - 60 = r, -2*n - 2*n - y*x = -60. What is the greatest common divisor of n and 75?
15
Suppose 1316 = 4*b + 3*b. Let h = 317 - b. Suppose x - 91 = h. Calculate the greatest common divisor of x and 20.
20
Suppose 22*s - 1158 = 4826. Let t be 3/((-36)/s)*-3. Calculate the highest common factor of t and 16.
4
Let l = 2150 - 1260. Let q be 2 - ((-12)/(-20) + l/(-25)). Suppose 2031 = 5*o - g, 3*o - 2*o - 3*g = 395. Calculate the greatest common divisor of o and q.
37
Suppose 5*o - 18*b - 1110 = -13*b, 0 = 4*b + 24. Calculate the highest common divisor of o and 1368.
72
Let b be ((-342)/133)/((-1)/21) - 3. What is the highest common factor of b and 119?
17
Let j be (-55 + -1)/(6 + -7). Suppose -8*x = -3*x - 30. Let h be (-14)/x*-1*3. Calculate the highest common factor of j and h.
7
Let f(l) = -61*l - 2011. Let y be f(-37). Calculate the greatest common factor of 54 and y.
6
Suppose 70*u - 136*u = -792. Calculate the greatest common divisor of 3732 and u.
12
Let o be (84/(-15))/((48/45)/(-8)). Let b be ((-68)/(-24) - -4) + 7/o. Calculate the greatest common divisor of 287 and b.
7
Suppose -6*c + 257 = -85. Let y = c + -52. Suppose -y*b + 41 = 6. What is the greatest common divisor of b and 77?
7
Let m be 2 - (-3 + 0) - 4. Let u be ((-63)/84)/(m/(-12)). Let n(v) = -v**2 + 11*v + 2. Let w be n(u). What is the greatest common divisor of 50 and w?
10
Suppose 10*u - 32*u + 198 = 